{"id":15,"date":"2019-02-20T10:38:38","date_gmt":"2019-02-20T10:38:38","guid":{"rendered":"https:\/\/ergotherapie-riemenschneider.de\/?page_id=15"},"modified":"2019-02-28T09:18:20","modified_gmt":"2019-02-28T09:18:20","slug":"ergotherapie","status":"publish","type":"page","link":"https:\/\/ergotherapie-riemenschneider.de\/?page_id=15","title":{"rendered":"Ergotherapie"},"content":{"rendered":"\n<p style=\"color:#dc4250\" class=\"has-text-color has-medium-font-size\"><strong>Was ist Ergotherapie?<\/strong><\/p>\n\n\n\n<p>&#8222;Ergotherapie bef\u00e4higt Menschen mit komplexen Erkrankungen , ihre eigene und \/ oder die Befindlichkeit ihres Umfeldes im praktischen Alltag zu verbessern\u201c. <br>(Definition des BED e.V. 2007)   <\/p>\n\n\n\n<hr class=\"wp-block-separator\"\/>\n\n\n\n<p style=\"color:#da4452\" class=\"has-text-color has-medium-font-size\"><strong>Was sind die Ziele einer ergotherapeutischen Behandlung?<\/strong><\/p>\n\n\n\n<p>Eine gr\u00f6\u00dftm\u00f6gliche Selbst\u00e4ndigkeit und Unabh\u00e4ngigkeit im Alltags-, Schul und Berufsleben des Menschen zu erreichen.  <\/p>\n\n\n\n<hr class=\"wp-block-separator\"\/>\n\n\n\n<p style=\"color:#da4452\" class=\"has-text-color has-medium-font-size\"><strong>Was gibt es f\u00fcr ergotherapeutische Ma\u00dfnahmen?<\/strong><\/p>\n\n\n\n<ul class=\"wp-block-list\"><li>psychisch-funktionelle Behandlung <\/li><li>sensomotorisch-perzeptive Behandlung <\/li><li>motorisch-funktionelle Behandlung <\/li><li>Hirnleistungstraining<\/li><\/ul>\n\n\n\n<hr class=\"wp-block-separator\"\/>\n\n\n\n<p style=\"color:#dc4250\" class=\"has-text-color has-medium-font-size\"><strong>Wie erh\u00e4lt man Ergotherapie?  <\/strong><\/p>\n\n\n\n<p>Jeder Haus- oder Facharzt kann eine Verordnung f\u00fcr Ergotherapie ausstellen.<\/p>\n\n\n\n<hr class=\"wp-block-separator\"\/>\n\n\n\n<p style=\"color:#da4452\" class=\"has-text-color has-medium-font-size\"><strong>Wer tr\u00e4gt die Kosten der Behandlung?  <\/strong><\/p>\n\n\n\n<p>Ergotherapie ist eine Leistung Ihrer Krankenkasse, so dass Sie lediglich die gesetzliche Zuzahlung in H\u00f6he von 10% des Heilmittels zzgl. 10 \u20ac je Verordnung bezahlen m\u00fcssen. F\u00fcr Geringverdiener, die sich von der Zuzahlung befreien lassen k\u00f6nnen, und f\u00fcr Kinder entf\u00e4llt die Zuzahlung.<\/p>\n\n\n\n<hr class=\"wp-block-separator\"\/>\n\n\n\n<p style=\"color:#da4452\" class=\"has-text-color has-medium-font-size\"><strong>Anwendungsgebiete der Ergotherapie<\/strong><\/p>\n\n\n\n<p style=\"text-align:left\" class=\"has-medium-font-size\"><strong>1. P\u00e4diatrie<\/strong><br><\/p>\n\n\n\n<p>Bei Kindern mit Entwicklungsverz\u00f6gerungen und Behinderungen verschiedener Schweregrade<\/p>\n\n\n\n<div class=\"wp-block-columns has-2-columns is-layout-flex wp-container-core-columns-is-layout-9d6595d7 wp-block-columns-is-layout-flex\">\n<div class=\"wp-block-column is-layout-flow wp-block-column-is-layout-flow\">\n<p style=\"color:#da4452\" class=\"has-text-color\">Zum Beispiel<\/p>\n\n\n\n<ul class=\"wp-block-list\"><li>Sensorische Integrationsst\u00f6rungen&nbsp;<\/li><li>Behandlung von Entwicklungsverz\u00f6gerungen<\/li><li>St\u00f6rungen der Grob- und Feinmotorik&nbsp;<\/li><li>Koordinations- und Wahrnehmungsst\u00f6rungen<\/li><li>Lateralit\u00e4tsst\u00f6rungen&nbsp;<\/li><li>Verhaltensauff\u00e4lligkeiten&nbsp;<\/li><li>Hyperaktivit\u00e4t ADS\/ADHS&nbsp;<\/li><li>Aufmerksamkeits-, Konzentrationsst\u00f6rungen&nbsp;<\/li><li>Teilleistungsst\u00f6rungen (Lese-, Rechtschreibschw\u00e4chen, Rechenschw\u00e4che)<\/li><li>Autistische St\u00f6rungen<\/li><\/ul>\n<\/div>\n\n\n\n<div class=\"wp-block-column is-layout-flow wp-block-column-is-layout-flow\">\n<p style=\"color:#da4452\" class=\"has-text-color\">Therapie<\/p>\n\n\n\n<ul class=\"wp-block-list\"><li>sensorische Integrationstherapie nach J. Ayres&nbsp;<\/li><li>Psychomotorik<\/li><li>Wahrnehmungsf\u00f6rderung nach Frostig&nbsp;<\/li><li>Training der Graphomotorik (Stifthaltung \/ Schriftbild)&nbsp;<\/li><li>Marburger Konzentrationstraining (MKT)<\/li><li>LRS &#8211; Training<\/li><li>Legasthenie- und Dyskalkulietraining<\/li><li>gef\u00fchrte Bewegung in Anlehnung an Affolter<\/li><li>Entspannungsangebote<\/li><li>Beratung von Eltern, Lehrern, Erziehern<\/li><\/ul>\n<\/div>\n<\/div>\n\n\n\n<p style=\"text-align:left\" class=\"has-medium-font-size\">&nbsp;<strong>2. Neurologie \/ Geriatrie<\/strong><\/p>\n\n\n\n<p>Bei Kindern und Erwachsenen mit Erkrankungen des Nervensystems<\/p>\n\n\n\n<div class=\"wp-block-columns has-2-columns is-layout-flex wp-container-core-columns-is-layout-9d6595d7 wp-block-columns-is-layout-flex\">\n<div class=\"wp-block-column is-layout-flow wp-block-column-is-layout-flow\">\n<p style=\"color:#da4452\" class=\"has-text-color\">Zum Beispiel<\/p>\n\n\n\n<ul class=\"wp-block-list\"><li>Apoplex&nbsp;<\/li><li>Ataxie&nbsp;<\/li><li>Hemiplegie&nbsp;<\/li><li>Demenz\/ Alzheimer<\/li><li>Multiple Sklerose\/ ALS<\/li><li>Morbus Parkinson&nbsp;<\/li><li>Periphere Nervenl\u00e4sionen&nbsp;<\/li><li>Sch\u00e4delhirntrauma&nbsp;<\/li><li>Polyneuropathie<\/li><\/ul>\n<\/div>\n\n\n\n<div class=\"wp-block-column is-layout-flow wp-block-column-is-layout-flow\">\n<p style=\"color:#da4452\" class=\"has-text-color\">Therapie<\/p>\n\n\n\n<ul class=\"wp-block-list\"><li>Behandlung in Anlehnung an Bobath&nbsp;<\/li><li>Therapeutische \u00dcbungen nach Perfetti&nbsp;<\/li><li>Behandlung in Anlehnung an Affolter&nbsp;<\/li><li>Spiegeltherapie und Mental Imagery<\/li><li>Hirnleistungstraining<\/li><li>Sensibilit\u00e4tstraining&nbsp;<\/li><li>Selbsthilfetraining \/ Haushaltstraining&nbsp;<\/li><li>Hilfsmittelberatung&nbsp;<\/li><li>Hausbehandlungen<\/li><\/ul>\n<\/div>\n<\/div>\n\n\n\n<p class=\"has-medium-font-size\"><strong>3. Orthop\u00e4die \/ Rheumatologie<\/strong><\/p>\n\n\n\n<p>Bei Kindern und Erwachsenen mit Funktionsst\u00f6rungen des gesamten Bewegungsapparates<\/p>\n\n\n\n<div class=\"wp-block-columns has-2-columns is-layout-flex wp-container-core-columns-is-layout-9d6595d7 wp-block-columns-is-layout-flex\">\n<div class=\"wp-block-column is-layout-flow wp-block-column-is-layout-flow\">\n<p style=\"color:#da4452\" class=\"has-text-color\">Zum Beispiel<\/p>\n\n\n\n<ul class=\"wp-block-list\"><li>L\u00e4hmungen von Nerven vor allem der Arme und des Rumpfes<\/li><li>angeborene Fehlbildungen des Rumpfes, der Arme und H\u00e4nde<\/li><li>Verletzungen der Knochen, Muskeln, Sehnen und der Nerven<\/li><li>Abnutzungserscheinungen und Erkrankungen der Wirbels\u00e4ule&nbsp;<\/li><li>Degenerative Erkrankungen der Gelenke (Schulter, H\u00fcfte oder Knie)&nbsp;<\/li><li>Traumatisch bedingte Funktionsst\u00f6rungen&nbsp;<\/li><li>Erkrankungen des rheumatischen Formenkreises&nbsp;<\/li><li>Amputationen<\/li><\/ul>\n<\/div>\n\n\n\n<div class=\"wp-block-column is-layout-flow wp-block-column-is-layout-flow\">\n<p style=\"color:#da4452\" class=\"has-text-color\">Therapie<\/p>\n\n\n\n<ul class=\"wp-block-list\"><li>\u00dcbungen zur Beweglichkeit, Muskelkraft, Ausdauer, Belastbarkeit und Sensibilit\u00e4t<\/li><li>Wirbel- und Gelenktherapie nach Dorn- Breu\u00df- Fleig&nbsp;<\/li><li>Narbenbehandlung<\/li><li>Training mit der Prothese&nbsp;und Abh\u00e4rtung von Amputationsst\u00fcmpfen<\/li><li>Training von Alltagsaktivit\u00e4ten im Hinblick auf die pers\u00f6nliche, h\u00e4usliche und berufliche Selbst\u00e4ndigkeit&nbsp;<\/li><li>Beratung und Training zum Gelenkschutz&nbsp;<\/li><li>Beratung bzgl. geeigneter Hilfsmittel<\/li><\/ul>\n<\/div>\n<\/div>\n\n\n\n<p style=\"text-align:left\" class=\"has-medium-font-size\"><strong>4. Psychiatrie<\/strong><\/p>\n\n\n\n<p>Bei Kindern und Erwachsenen mit chronischen oder psychischen Erkrankungen<\/p>\n\n\n\n<div class=\"wp-block-columns has-2-columns is-layout-flex wp-container-core-columns-is-layout-9d6595d7 wp-block-columns-is-layout-flex\">\n<div class=\"wp-block-column is-layout-flow wp-block-column-is-layout-flow\">\n<p style=\"color:#da4452\" class=\"has-text-color\">Zum Beispiel<\/p>\n\n\n\n<ul class=\"wp-block-list\"><li>Demenzerkrankung<\/li><li>Hirnatrophie<\/li><li>Zwangsst\u00f6rung<\/li><li>Psychose<\/li><li>Suchterkrankung<\/li><li>posttraumatische Belastungsst\u00f6rung<\/li><li>Depression&nbsp;<\/li><li>psychosomatische Beschwerden<\/li><li>altersbedingter Funktionsabbau<\/li><li>Pers\u00f6nlichkeitsst\u00f6rung<\/li><li>Angstneurose<\/li><\/ul>\n<\/div>\n\n\n\n<div class=\"wp-block-column is-layout-flow wp-block-column-is-layout-flow\">\n<p style=\"color:#da4452\" class=\"has-text-color\">Therapie<\/p>\n\n\n\n<ul class=\"wp-block-list\"><li>handwerkliche und gestalterische Techniken<\/li><li>Interaktionelle Angebote<\/li><li>K\u00f6rpererfahrung und Schulung der Eigenwahrnehmung<\/li><li>Hirnleistungstraining<\/li><li>verschiedene Konzentrationstrainingsangebote<\/li><li>Trainingsma\u00dfnahmen f\u00fcr den Bereich der Selbstst\u00e4ndigkeit im Alltag<\/li><li>F\u00f6rderung von Kooperation und Kommunikation<\/li><li>Ausdruckszentrierte Methode<\/li><li>Kompetenzzentrierte Methode<\/li><li>Entspannungsangebote<\/li><\/ul>\n<\/div>\n<\/div>\n","protected":false},"excerpt":{"rendered":"<p>Was ist Ergotherapie? &#8222;Ergotherapie bef\u00e4higt Menschen mit komplexen Erkrankungen , ihre eigene und \/ oder die Befindlichkeit ihres Umfeldes im praktischen Alltag zu verbessern\u201c. (Definition des BED e.V. 2007) Was sind die Ziele einer ergotherapeutischen Behandlung? Eine gr\u00f6\u00dftm\u00f6gliche Selbst\u00e4ndigkeit und Unabh\u00e4ngigkeit im Alltags-, Schul und Berufsleben des Menschen zu erreichen. Was gibt es f\u00fcr ergotherapeutische [&hellip;]<\/p>\n","protected":false},"author":1,"featured_media":0,"parent":0,"menu_order":0,"comment_status":"closed","ping_status":"closed","template":"","meta":{"footnotes":""},"class_list":["post-15","page","type-page","status-publish","hentry"],"_links":{"self":[{"href":"https:\/\/ergotherapie-riemenschneider.de\/index.php?rest_route=\/wp\/v2\/pages\/15","targetHints":{"allow":["GET"]}}],"collection":[{"href":"https:\/\/ergotherapie-riemenschneider.de\/index.php?rest_route=\/wp\/v2\/pages"}],"about":[{"href":"https:\/\/ergotherapie-riemenschneider.de\/index.php?rest_route=\/wp\/v2\/types\/page"}],"author":[{"embeddable":true,"href":"https:\/\/ergotherapie-riemenschneider.de\/index.php?rest_route=\/wp\/v2\/users\/1"}],"replies":[{"embeddable":true,"href":"https:\/\/ergotherapie-riemenschneider.de\/index.php?rest_route=%2Fwp%2Fv2%2Fcomments&post=15"}],"version-history":[{"count":16,"href":"https:\/\/ergotherapie-riemenschneider.de\/index.php?rest_route=\/wp\/v2\/pages\/15\/revisions"}],"predecessor-version":[{"id":331,"href":"https:\/\/ergotherapie-riemenschneider.de\/index.php?rest_route=\/wp\/v2\/pages\/15\/revisions\/331"}],"wp:attachment":[{"href":"https:\/\/ergotherapie-riemenschneider.de\/index.php?rest_route=%2Fwp%2Fv2%2Fmedia&parent=15"}],"curies":[{"name":"wp","href":"https:\/\/api.w.org\/{rel}","templated":true}]}}