{"id":246,"date":"2019-02-27T16:26:35","date_gmt":"2019-02-27T16:26:35","guid":{"rendered":"https:\/\/ergotherapie-riemenschneider.de\/?page_id=246"},"modified":"2026-02-18T06:37:40","modified_gmt":"2026-02-18T05:37:40","slug":"stellenangebote","status":"publish","type":"page","link":"https:\/\/ergotherapie-riemenschneider.de\/?page_id=246","title":{"rendered":"Stellenangebote"},"content":{"rendered":"\n<p><strong>Wir suchen:<\/strong><\/p>\n\n\n\n<h4 class=\"wp-block-heading\">Verst\u00e4rkung f\u00fcr unser ergotherapeutisches Team (m\/w\/d) \u00a0<\/h4>\n\n\n\n<p>zum n\u00e4chstm\u00f6glichen Zeitpunkt<em>\u00a0(Vollzeit oder Teilzeit).<\/em><\/p>\n\n\n\n<p><strong>Wir bieten<\/strong> <strong>Dir:<\/strong><\/p>\n\n\n\n<p>ein Spektrum aus einer ruhigen und angenehmen Arbeitsatmosph\u00e4re, eine moderne Praxisausstattung, flexible Arbeitszeitmodelle, leistungsgerechte Bezahlung und Fortbildungszusch\u00fcsse.<\/p>\n\n\n\n<p>Du bringst selbstst\u00e4ndiges, engagiertes und feinf\u00fchliges Arbeiten mit?<br>Du bist kreativ und verl\u00e4sslich?<br>Dir ist berufliche Weiterentwicklung wichtig?<br>Du hast einen F\u00fchrerschein der Klasse B?<\/p>\n\n\n\n<p>Dann bewirb Dich bei uns. Wir freuen uns \u00fcber eine aussagekr\u00e4ftige Bewerbung von Dir.<br><\/p>\n\n\n\n<p><br><\/p>\n\n\n\n<p><br><\/p>\n","protected":false},"excerpt":{"rendered":"<p>Wir suchen: Verst\u00e4rkung f\u00fcr unser ergotherapeutisches Team (m\/w\/d) \u00a0 zum n\u00e4chstm\u00f6glichen Zeitpunkt\u00a0(Vollzeit oder Teilzeit). Wir bieten Dir: ein Spektrum aus einer ruhigen und angenehmen Arbeitsatmosph\u00e4re, eine moderne Praxisausstattung, flexible Arbeitszeitmodelle, leistungsgerechte Bezahlung und Fortbildungszusch\u00fcsse. Du bringst selbstst\u00e4ndiges, engagiertes und feinf\u00fchliges Arbeiten mit?Du bist kreativ und verl\u00e4sslich?Dir ist berufliche Weiterentwicklung wichtig?Du hast einen F\u00fchrerschein der Klasse [&hellip;]<\/p>\n","protected":false},"author":1,"featured_media":0,"parent":0,"menu_order":0,"comment_status":"closed","ping_status":"closed","template":"","meta":{"footnotes":""},"class_list":["post-246","page","type-page","status-publish","hentry"],"_links":{"self":[{"href":"https:\/\/ergotherapie-riemenschneider.de\/index.php?rest_route=\/wp\/v2\/pages\/246","targetHints":{"allow":["GET"]}}],"collection":[{"href":"https:\/\/ergotherapie-riemenschneider.de\/index.php?rest_route=\/wp\/v2\/pages"}],"about":[{"href":"https:\/\/ergotherapie-riemenschneider.de\/index.php?rest_route=\/wp\/v2\/types\/page"}],"author":[{"embeddable":true,"href":"https:\/\/ergotherapie-riemenschneider.de\/index.php?rest_route=\/wp\/v2\/users\/1"}],"replies":[{"embeddable":true,"href":"https:\/\/ergotherapie-riemenschneider.de\/index.php?rest_route=%2Fwp%2Fv2%2Fcomments&post=246"}],"version-history":[{"count":21,"href":"https:\/\/ergotherapie-riemenschneider.de\/index.php?rest_route=\/wp\/v2\/pages\/246\/revisions"}],"predecessor-version":[{"id":710,"href":"https:\/\/ergotherapie-riemenschneider.de\/index.php?rest_route=\/wp\/v2\/pages\/246\/revisions\/710"}],"wp:attachment":[{"href":"https:\/\/ergotherapie-riemenschneider.de\/index.php?rest_route=%2Fwp%2Fv2%2Fmedia&parent=246"}],"curies":[{"name":"wp","href":"https:\/\/api.w.org\/{rel}","templated":true}]}}