{"id":304,"date":"2019-02-27T19:52:40","date_gmt":"2019-02-27T19:52:40","guid":{"rendered":"https:\/\/ergotherapie-riemenschneider.de\/?page_id=304"},"modified":"2026-01-15T07:03:18","modified_gmt":"2026-01-15T06:03:18","slug":"seminare","status":"publish","type":"page","link":"https:\/\/ergotherapie-riemenschneider.de\/?page_id=304","title":{"rendered":"Seminare"},"content":{"rendered":"\n<p class=\"has-text-color has-medium-font-size\" style=\"color:#da4452\"><strong>Tera-Mai-Reiki und AmaDeus-Healing<\/strong><\/p>\n\n\n\n<p><strong>Reiki<\/strong>&nbsp;ist urspr\u00fcnglich ein Begriff aus dem Japanischen und bedeutet \u00fcbersetzt&nbsp;<strong>Universielle Lebensenergie.&nbsp;<\/strong>Es ist eine seit Jahrhunderten bekannte Heilkunst des Handauflegens.&nbsp;<strong>Reiki&nbsp;<\/strong>bringt Energien wieder zum Flie\u00dfen.&nbsp;<strong>Reiki<\/strong>&nbsp;wirkt sich positiv auf unseren K\u00f6rper, unseren Geist und unsere Seele aus. So kann&nbsp;<strong>Reiki&nbsp;<\/strong>u.a. schmerzlindernd, entgiftend und entspannend wirken, sowie uns vom Alltagsstre\u00df befreien.&nbsp;<\/p>\n\n\n\n<p>Ich biete Ihnen die M\u00f6glichkeit folgende&nbsp;<strong>Reiki-<\/strong>&nbsp;Seminare bei mir zu besuchen:<\/p>\n\n\n\n<hr class=\"wp-block-separator has-css-opacity\"\/>\n\n\n\n<h4 class=\"wp-block-heading\"><strong>Reiki I&nbsp;<\/strong><\/h4>\n\n\n\n<p><strong><br><\/strong>Tagesseminar am <strong>21.02.2026,<\/strong>\u00a0Beginn 10:00 Uhr, Ende cirka 19:00 Uhr, Kosten 150 Euro inkl. Skript und Zertifikat<\/p>\n\n\n\n<p>&nbsp;<strong>Lehrinhalte des I Grades sind:&nbsp;<\/strong><br>1. Die Geschichte des Reiki&nbsp;<br>2. Erkl\u00e4rung der Chakren, Chakrenausgleich&nbsp;<br>3. Reinigung, Schutz und Vorbereitung zur Selbstheilung&nbsp;<br>4. Die Handpositionen f\u00fcr die Eigen &#8211; und Partnerbehandlung&nbsp;<br>5. Reiki- Lebensregeln&nbsp;<br>6. Reinigungsritual mit dem violetten Feuer&nbsp;<br>7. Einweihung&nbsp;<\/p>\n\n\n\n<hr class=\"wp-block-separator has-css-opacity\"\/>\n\n\n\n<h4 class=\"wp-block-heading\"><strong>Reiki II (nur im Anschlu\u00df an Reiki I m\u00f6glich)&nbsp;<\/strong><\/h4>\n\n\n\n<p><strong><br><\/strong>Tagesseminar am <strong>23.05.2026, <\/strong>Beginn 10:00 Uhr, Ende cirka 19:00 Uhr, Kosten 250 Euro inkl. Skript und Zertifikat<\/p>\n\n\n\n<p>&nbsp;<strong>Lehrinhalte des II Grades sind:&nbsp;<\/strong><br>1. Was ist spirituellen Heilen&nbsp;<br>2. Traditionellen Reiki&nbsp;<br>3. Tera Mai Reiki und die 9 Symbole sowie ihre Anwendung&nbsp;<br>4. Mentalbehandlung&nbsp;<br>5. Fernbehandlung, Reinigung \u2013 und Kl\u00e4rungs\u00fcbungen&nbsp;<br>6. Reiki mit Menschen die am \u00dcbergang stehen<br>7. Einweihung<\/p>\n\n\n\n<hr class=\"wp-block-separator has-css-opacity\"\/>\n\n\n\n<h4 class=\"wp-block-heading\"><strong>AmaDeus- Healing<\/strong><\/h4>\n\n\n\n<p>Tagesseminar am <strong>29.09.2024,<\/strong>&nbsp;Beginn 10:00 Uhr, Ende cirka 19:00 Uhr, Kosten 150 Euro inkl. Skript&nbsp;<br><br>In diesem Seminar lernt jeder Teilnehmer die sch\u00f6ne Kraft des schamanischen Heilens kennen.<\/p>\n\n\n\n<p><strong>Lerninhalte sind:<\/strong><br>1. Was ist das Amadeus-Healing<br>2. Anwendungsm\u00f6glichkeiten diese Heilkunst<br>3. Der heilige Vogel Uriapuru<br>4. Der Stamm der Guaranis Indianer<br>5. 26 Symbole und ihre Anwendungen<br>6. Basiswissen zu Schamanen und schamanischen Heilen<br>7. Einweihung<br><br><\/p>\n\n\n\n<hr class=\"wp-block-separator has-css-opacity\"\/>\n\n\n\n<p> Falls Sie Interesse an einem der Angebote haben, rufen Sie uns unter 05109 \/ 6890264 an.<\/p>\n","protected":false},"excerpt":{"rendered":"<p>Tera-Mai-Reiki und AmaDeus-Healing Reiki&nbsp;ist urspr\u00fcnglich ein Begriff aus dem Japanischen und bedeutet \u00fcbersetzt&nbsp;Universielle Lebensenergie.&nbsp;Es ist eine seit Jahrhunderten bekannte Heilkunst des Handauflegens.&nbsp;Reiki&nbsp;bringt Energien wieder zum Flie\u00dfen.&nbsp;Reiki&nbsp;wirkt sich positiv auf unseren K\u00f6rper, unseren Geist und unsere Seele aus. So kann&nbsp;Reiki&nbsp;u.a. schmerzlindernd, entgiftend und entspannend wirken, sowie uns vom Alltagsstre\u00df befreien.&nbsp; Ich biete Ihnen die M\u00f6glichkeit folgende&nbsp;Reiki-&nbsp;Seminare [&hellip;]<\/p>\n","protected":false},"author":1,"featured_media":0,"parent":0,"menu_order":0,"comment_status":"closed","ping_status":"closed","template":"","meta":{"footnotes":""},"class_list":["post-304","page","type-page","status-publish","hentry"],"_links":{"self":[{"href":"https:\/\/ergotherapie-riemenschneider.de\/index.php?rest_route=\/wp\/v2\/pages\/304","targetHints":{"allow":["GET"]}}],"collection":[{"href":"https:\/\/ergotherapie-riemenschneider.de\/index.php?rest_route=\/wp\/v2\/pages"}],"about":[{"href":"https:\/\/ergotherapie-riemenschneider.de\/index.php?rest_route=\/wp\/v2\/types\/page"}],"author":[{"embeddable":true,"href":"https:\/\/ergotherapie-riemenschneider.de\/index.php?rest_route=\/wp\/v2\/users\/1"}],"replies":[{"embeddable":true,"href":"https:\/\/ergotherapie-riemenschneider.de\/index.php?rest_route=%2Fwp%2Fv2%2Fcomments&post=304"}],"version-history":[{"count":27,"href":"https:\/\/ergotherapie-riemenschneider.de\/index.php?rest_route=\/wp\/v2\/pages\/304\/revisions"}],"predecessor-version":[{"id":704,"href":"https:\/\/ergotherapie-riemenschneider.de\/index.php?rest_route=\/wp\/v2\/pages\/304\/revisions\/704"}],"wp:attachment":[{"href":"https:\/\/ergotherapie-riemenschneider.de\/index.php?rest_route=%2Fwp%2Fv2%2Fmedia&parent=304"}],"curies":[{"name":"wp","href":"https:\/\/api.w.org\/{rel}","templated":true}]}}